late w(-1).
-32
Let a(z) = z**3 + 60*z**2 + 867*z + 1350. Calculate a(-20).
10
Let d(c) = 27467*c - 1071193. Calculate d(39).
20
Let u(k) = 3*k**3 + 104*k**2 - 2050*k + 41. Calculate u(14).
-43
Let y(q) = -10*q**2 - 19*q - 124. What is y(8)?
-916
Let o(f) = 1273*f - 76741. Give o(61).
912
Let h(s) = 178*s + 50913. Calculate h(-287).
-173
Let s(c) = 3639*c + 61920. What is s(-17)?
57
Let y(a) = -2*a**3 - 93*a**2 - 1075*a + 70. What is y(-24)?
-50
Let f(r) = -191144*r - 3058330. Give f(-16).
-26
Let s(x) = 461*x**2 + 6*x + 4. What is s(-1)?
459
Let g(y) = -119070*y + 1905255. What is g(16)?
135
Let c(a) = 35*a**2 + 1546*a - 3098. What is c(2)?
134
Let s(f) = -f**2 + 428*f - 39336. What is s(146)?
1836
Let h(j) = -13*j**3 + 131*j**2 + 60*j - 65. What is h(-1)?
19
Let n(b) = -2*b**2 - 1338*b + 26083. Give n(19).
-61
Let z(b) = 15*b**2 + 134*b + 241. Determine z(-10).
401
Let b(s) = -84112*s - 5635509. Calculate b(-67).
-5
Let l(k) = 168*k + 13553. Determine l(-81).
-55
Let c(w) = -28177*w + 84499. Calculate c(3).
-32
Let a(m) = 184839*m - 4066511. Give a(22).
-53
Let w(y) = -31557*y + 1041394. Give w(33).
13
Let i(x) = 3*x**3 + 13*x**2 - 33*x - 30. Determine i(-7).
-191
Let s(o) = -3*o**3 - 808*o**2 - 991*o + 21720. Give s(-268).
12
Let q(f) = f**3 + 60*f**2 + 279*f + 420. Give q(-55).
200
Let q(p) = 2*p**2 + 1278*p + 198154. What is q(-265)?
-66
Let z(t) = 70*t**3 + 192*t**2 - 35*t + 54. Calculate z(-3).
-3
Let r(m) = m**2 - 78973*m + 789616. Calculate r(10).
-14
Let n(q) = 2240*q + 120843. What is n(-54)?
-117
Let q(r) = -333*r - 32237. Determine q(-97).
64
Let b(a) = -5*a**2 - 69*a - 260. Calculate b(-14).
-274
Let u(i) = 3244*i + 1151631. Determine u(-355).
11
Let o(i) = 4*i**3 + 40*i**2 - 234*i - 1620. Determine o(-12).
36
Let y(n) = -n**2 + 373*n + 28474. Give y(438).
4
Let z(k) = 191*k**3 - 15647*k**2 - 1233*k + 243. Calculate z(82).
-3
Let k(b) = -24678*b - 148124. Give k(-6).
-56
Let x(d) = d**3 + 43749*d**2 + 481110*d - 55. Calculate x(-11).
33
Let x(a) = -550*a + 31. Give x(-1).
581
Let d(b) = 52*b**2 - 335*b - 5. Determine d(0).
-5
Let z(y) = 225696*y + 2031259. Determine z(-9).
-5
Let a(s) = -2*s**3 + 7*s**2 + 336*s - 1583. Give a(5).
22
Let u(s) = -s**3 - 37*s**2 + 116*s - 136. Calculate u(-40).
24
Let f(c) = c**3 + 44*c**2 - 123*c + 195. What is f(-47)?
-651
Let z(j) = j**3 - 35*j**2 - 97*j - 2593. What is z(39)?
-292
Let x(d) = -74*d**2 - 970*d + 127. What is x(-13)?
231
Let u(i) = 3695*i - 29559. What is u(8)?
1
Let o(s) = 17*s**2 - 125*s - 651. Give o(11).
31
Let r(s) = s**3 + 29*s**2 + 18*s - 240. Calculate r(-28).
40
Let c(q) = 1709*q**2 - 3440*q + 27. Determine c(2).
-17
Let w(j) = -118*j**2 - 5046*j - 25253. What is w(-5)?
-2973
Let j(b) = b**3 + 4*b**2 - 862*b - 5907. Calculate j(-7).
-20
Let b(u) = u**3 + 549*u**2 + 529*u - 10405. Determine b(-548).
7
Let q(a) = -867*a + 5013. Determine q(6).
-189
Let k(u) = -12*u**2 - 393*u + 2462. Calculate k(6).
-328
Let w(z) = z**2 - 2126*z + 746723. Determine w(444).
-85
Let q(h) = -6*h**3 + 432*h**2 - 2725*h - 29. Calculate q(7).
6
Let f(c) = -25*c**2 - 622*c - 3542. Calculate f(-17).
-193
Let x(c) = 2*c**2 + 482*c + 12347. Give x(-29).
51
Let j(h) = -18*h**2 - 504*h - 1358. Give j(-3).
-8
Let h(t) = -7*t**2 - 600*t + 813. Give h(-89).
-1234
Let f(c) = -126*c + 391. Give f(5).
-239
Let j(l) = -10646*l + 10583. Determine j(1).
-63
Let y(h) = 12483*h - 12446. Calculate y(1).
37
Let h(u) = -598*u**2 - 9*u - 118. What is h(0)?
-118
Let r(o) = 30*o**3 - 1077*o**2 - 35*o - 67. Give r(36).
2561
Let f(t) = t**3 + 197*t**2 + 9703*t + 104. Calculate f(-98).
6
Let k(v) = 12*v**3 - 121*v**2 - 91*v + 1035. Give k(10).
25
Let c(x) = 72041*x - 144090. Determine c(2).
-8
Let s(o) = -725*o - 23069. What is s(-32)?
131
Let q(i) = -6*i**2 - 68*i + 3423. Calculate q(20).
-337
Let m(y) = 310*y + 9506. Calculate m(-31).
-104
Let l(j) = -j**2 + 8807*j - 254563. Calculate l(29).
-1
Let u(f) = -515*f**2 + 5100*f - 113. Calculate u(10).
-613
Let m(t) = t**2 + 331*t - 5978. Determine m(17).
-62
Let s(b) = -2*b**3 - 7*b**2 - 5677*b - 22725. Give s(-4).
-1
Let x(p) = 24212*p - 217910. Determine x(9).
-2
Let w(i) = 76*i + 9123. Calculate w(-112).
611
Let s(u) = u**2 + 191*u - 4083. Give s(19).
-93
Let a(r) = 57*r + 696. Calculate a(-11).
69
Let s(b) = b**2 - 14415*b + 1018428. Determine s(71).
4
Let k(r) = -7*r**2 + 860*r - 3298. Give k(4).
30
Let n(x) = 6*x**2 - 2085*x + 4171. Calculate n(2).
25
Let r(g) = 28*g**2 - 3903*g + 315. Give r(139).
-1214
Let u(b) = b**2 - 646*b - 12619. Calculate u(-19).
16
Let r(k) = -17*k**2 + 1266*k - 15115. What is r(60)?
-355
Let v(a) = 4*a**3 - 343*a**2 - 395*a - 3459. Give v(87).
21
Let h(r) = 30*r + 1578. Determine h(27).
2388
Let w(p) = 2*p**3 + 33*p**2 + 51*p + 558. What is w(-16)?
-2
Let h(q) = -q**3 - 23*q**2 - 91*q - 564. Give h(-20).
56
Let c(s) = -s**3 + 88*s**2 + 651*s + 958. Determine c(95).
-372
Let l(t) = -147*t - 6061. Calculate l(-40).
-181
Let n(f) = 65*f**2 - 9858*f - 594. What is n(152)?
2750
Let a(l) = 5*l**2 - 34*l + 1531. Calculate a(20).
2851
Let m(a) = -7*a**3 - 534*a**2 - 2116*a - 10. Calculate m(-4).
358
Let z(f) = -45*f**3 + 8*f**2 + 969*f - 3908. Give z(4).
-2784
Let w(o) = 2863*o - 1026. Calculate w(0).
-1026
Let z(j) = j**3 - 191*j**2 + 19*j - 6977. Determine z(191).
-3348
Let q(t) = -t**3 - 211*t**2 - 8371*t + 122. Give q(-53).
-37
Let r(b) = 215*b + 16740. Give r(-67).
2335
Let q(p) = 827*p + 12321. Calculate q(-15).
-84
Let x(p) = -841*p - 2636. Determine x(-4).
728
Let w(u) = -17457*u - 5970288. Give w(-342).
6
Let w(v) = 2*v**3 - 640*v**2 - 976*v - 100479. What is w(322)?
-15
Let f(y) = 8*y**2 + 818*y + 1017. Calculate f(-101).
7
Let z(v) = 5*v**2 + 273*v + 3753. Determine z(-28).
29
Let s(k) = 2*k**2 - 23*k - 121. Give s(-7).
138
Let s(f) = -f**3 - 9*f**2 - 1590*f - 7853. Determine s(-5).
-3
Let n(j) = 4547*j**3 - 134*j**2 - 139*j - 7. Calculate n(-1).
-4549
Let v(f) = 4*f**2 + 727*f - 11884. Calculate v(-197).
133
Let h(i) = -i**3 + 45*i**2 + 2*i - 156. Calculate h(0).
-156
Let u(m) = -4*m**2 - 585*m + 162. Determine u(-147).
-279
Let i(v) = 2*v**2 - 36*v + 76. Determine i(-11).
714
Let n(g) = 857*g + 581053. What is n(-678)?
7
Let t(s) = 1589*s - 1674. Calculate t(1).
-85
Let y(o) = -233002*o + 10951093. Calculate y(47).
-1
Let p(k) = 51*k + 1006. Calculate p(-21).
-65
Let m(q) = q**3 + 74*q**2 + 649*q + 4218. What is m(-65)?
58
Let w(g) = 182*g**2 + 14376*g + 226. Calculate w(-79).
384
Let d(q) = q**3 + 8*q**2 + 361*q + 1727. Give d(-5).
-3
Let g(d) = 6*d**3 - 888*d**2 + 909*d - 3886. Give g(147).
83
Let o(r) = -251*r + 32844. Calculate o(131).
-37
Let c(s) = -317*s + 3909. Determine c(10).
739
Let z(t) = -5148*t - 625. What is z(0)?
-625
Let v(o) = -19*o**2 - 1447*o - 17479. Calculate v(-61).
89
Let h(r) = 2*r**2 - 88902*r - 5787057. What is h(-65)?
23
Let n(t) = t**2 + 164*t - 5514. What is n(28)?
-138
Let u(h) = 200*h + 3511. What is u(-18)?
-89
Let j(f) = 12*f**3 - 145*f**2 - 179*f + 2306. Determine j(12).
14
Let j(h) = h**3 - 9*h**2 + 90*h - 1236. Calculate j(11).
-4
Let a(i) = -1586*i + 780315. Determine a(492).
3
Let w(t) = -t**2 - 85*t + 13353. Give w(77).
879
Let w(y) = y**3 + 385*y**2 + 4*y + 1550. Give w(-385).
10
Let j(y) = 1245*y - 54624. Determine j(44).
156
Let o(r) = 6*r**2 - 1026*r - 34799. What is o(-29)?
1
Let g(t) = -1781900*t + 1781875. Determine g(1).
-25
Let q(j) = -2017*j + 1826. What is q(1)?
-191
Let y(v) = 25909*v + 12799066. Give y(-494).
20
Let f(w) = 2*w**3 - 93*w**2 - 931*w - 90. Calculate f(55).
130
Let n(m) = -3*m**3 - 343*m**2 - 110*m + 315. What is n(-114)?
-141
Let z(w) = -63*w**3 + 631*w**2 + 179*w - 1845. Calculate z(10).
45
Let y(r) = r**2 + 69249*r - 138498. Determine y(2).
4
Let h(l) = -l**2 - 279*l - 14995. What is h(-207)?
-91
Let m(g) = 106927*g + 107035. What is m(-1)?
108
Let u(t) = 4*t**3 + 145*t**2 - 113*t + 463. What is u(-37)?
537
Let u(f) = -2176*f + 258862. Calculate u(119).
-82
Let m(b) = -2265105*b + 27181261. Determine m(12).
1
Let m(u) = -554417*u - 31601782. What is m(-57)?
-13
Let j(z) = -148*z - 43067. Give j(-299).
1185
Let v(o) = -2*o**2 - 62*o + 5622. Give v(-77).
-1462
Let k(x) = -344021*x + 22361368. Determine k(65).
3
Let i(a) = -a**3 - 12*a**2 - 6525*a - 71663. Give i(-11)